{"id":1355,"date":"2025-07-15T14:50:50","date_gmt":"2025-07-15T12:50:50","guid":{"rendered":"https:\/\/mikramt.sk\/?post_type=product&#038;p=1355"},"modified":"2025-07-15T14:50:50","modified_gmt":"2025-07-15T12:50:50","slug":"dtd-18-k003-pw-gold-craft-oak","status":"publish","type":"product","link":"https:\/\/mikramt.sk\/?product=dtd-18-k003-pw-gold-craft-oak","title":{"rendered":"DTD 18  K003 PW Gold Craft Oak"},"content":{"rendered":"<p data-start=\"185\" data-end=\"525\">Drevotrieskov\u00e1 doska (DTD) v dekore <strong data-start=\"221\" data-end=\"247\">K003 PW Gold Craft Oak<\/strong> s autentickou drevop\u00f3rovou \u0161trukt\u00farou <strong data-start=\"286\" data-end=\"292\">PW<\/strong> verne napodob\u0148uje pr\u00edrodn\u00fd dub so s\u00fdtym zlatohned\u00fdm odtie\u0148om. Tento dekor vynik\u00e1 v\u00fdraznou kresbou a \u0161trukt\u00farou dreva, v\u010faka \u010domu p\u00f4sob\u00ed mimoriadne prirodzene a esteticky. Je ide\u00e1lny pre luxusn\u00e9 a z\u00e1rove\u0148 \u00fatuln\u00e9 interi\u00e9rov\u00e9 rie\u0161enia.<\/p>\n<p data-start=\"527\" data-end=\"858\">Doska m\u00e1 hr\u00fabku <strong data-start=\"543\" data-end=\"552\">18 mm<\/strong> a rozmery <strong data-start=\"563\" data-end=\"581\">2800 \u00d7 2070 mm<\/strong>, ktor\u00e9 poskytuj\u00fa dostato\u010dn\u00fa pevnos\u0165 a stabilitu pre v\u00fdrobu n\u00e1bytkov\u00fdch dielcov, skriniek, stolov \u010di dizajnov\u00fdch prvkov. Povrchov\u00e1 \u00faprava <strong data-start=\"719\" data-end=\"725\">PW<\/strong> dod\u00e1va realistick\u00fd vzh\u013ead mas\u00edvneho dreva a je z\u00e1rove\u0148 praktick\u00e1 na ka\u017edodenn\u00e9 pou\u017e\u00edvanie v dom\u00e1cnostiach aj komer\u010dn\u00fdch priestoroch.<\/p>\n<ul data-start=\"860\" data-end=\"1069\">\n<li data-start=\"860\" data-end=\"897\">\n<p data-start=\"862\" data-end=\"897\"><strong data-start=\"862\" data-end=\"872\">Dekor:<\/strong> K003 PW Gold Craft Oak<\/p>\n<\/li>\n<li data-start=\"898\" data-end=\"928\">\n<p data-start=\"900\" data-end=\"928\"><strong data-start=\"900\" data-end=\"911\">Rozmer:<\/strong> 2800 x 2070 mm<\/p>\n<\/li>\n<li data-start=\"929\" data-end=\"950\">\n<p data-start=\"931\" data-end=\"950\"><strong data-start=\"931\" data-end=\"942\">Hr\u00fabka:<\/strong> 18 mm<\/p>\n<\/li>\n<li data-start=\"951\" data-end=\"1003\">\n<p data-start=\"953\" data-end=\"1003\"><strong data-start=\"953\" data-end=\"974\">Povrchov\u00e1 \u00faprava:<\/strong> PW \u2013 drevop\u00f3rov\u00e1 \u0161trukt\u00fara<\/p>\n<\/li>\n<li data-start=\"1004\" data-end=\"1038\">\n<p data-start=\"1006\" data-end=\"1038\"><strong data-start=\"1006\" data-end=\"1019\">Materi\u00e1l:<\/strong> Drevotrieska DTD<\/p>\n<\/li>\n<li data-start=\"1039\" data-end=\"1069\">\n<p data-start=\"1041\" data-end=\"1069\"><strong data-start=\"1041\" data-end=\"1062\">Cena s DPH na m\u00b2:<\/strong> 7,65 \u20ac<\/p>\n<\/li>\n<\/ul>\n","protected":false},"excerpt":{"rendered":"<p>Dekorat\u00edvna DTD doska 18 mm v dekore Gold Craft Oak s autentickou drevop\u00f3rovou \u0161trukt\u00farou PW \u2013 vhodn\u00e1 pre luxusn\u00e9 a prirodzene p\u00f4sobiace interi\u00e9ry.<\/p>\n","protected":false},"featured_media":1357,"comment_status":"open","ping_status":"closed","template":"","meta":[],"product_brand":[],"product_cat":[66],"product_tag":[],"class_list":{"0":"post-1355","1":"product","2":"type-product","3":"status-publish","4":"has-post-thumbnail","6":"product_cat-dtdl-bucina","8":"first","9":"instock","10":"shipping-taxable","11":"purchasable","12":"product-type-simple","13":"customify-col"},"_links":{"self":[{"href":"https:\/\/mikramt.sk\/index.php?rest_route=\/wp\/v2\/product\/1355","targetHints":{"allow":["GET"]}}],"collection":[{"href":"https:\/\/mikramt.sk\/index.php?rest_route=\/wp\/v2\/product"}],"about":[{"href":"https:\/\/mikramt.sk\/index.php?rest_route=\/wp\/v2\/types\/product"}],"replies":[{"embeddable":true,"href":"https:\/\/mikramt.sk\/index.php?rest_route=%2Fwp%2Fv2%2Fcomments&post=1355"}],"wp:featuredmedia":[{"embeddable":true,"href":"https:\/\/mikramt.sk\/index.php?rest_route=\/wp\/v2\/media\/1357"}],"wp:attachment":[{"href":"https:\/\/mikramt.sk\/index.php?rest_route=%2Fwp%2Fv2%2Fmedia&parent=1355"}],"wp:term":[{"taxonomy":"product_brand","embeddable":true,"href":"https:\/\/mikramt.sk\/index.php?rest_route=%2Fwp%2Fv2%2Fproduct_brand&post=1355"},{"taxonomy":"product_cat","embeddable":true,"href":"https:\/\/mikramt.sk\/index.php?rest_route=%2Fwp%2Fv2%2Fproduct_cat&post=1355"},{"taxonomy":"product_tag","embeddable":true,"href":"https:\/\/mikramt.sk\/index.php?rest_route=%2Fwp%2Fv2%2Fproduct_tag&post=1355"}],"curies":[{"name":"wp","href":"https:\/\/api.w.org\/{rel}","templated":true}]}}