{"id":1071,"date":"2025-06-26T16:44:36","date_gmt":"2025-06-26T14:44:36","guid":{"rendered":"https:\/\/mikramt.sk\/?post_type=product&#038;p=1071"},"modified":"2025-07-15T12:08:32","modified_gmt":"2025-07-15T10:08:32","slug":"madlo-trendline-27m-hlinik-pro-alu","status":"publish","type":"product","link":"https:\/\/mikramt.sk\/?product=madlo-trendline-27m-hlinik-pro-alu","title":{"rendered":"Madlo TRENDLINE 2,7m &#8211; hlinik   PRO ALU (ks)"},"content":{"rendered":"<p data-start=\"279\" data-end=\"543\">Pevn\u00fd kovov\u00fd dr\u017eiak pre uchytenie ov\u00e1lnej ve\u0161iakovej ty\u010de do boku korpusu skrine alebo \u0161atn\u00edka. V\u010faka jeho univerz\u00e1lnemu dizajnu je ide\u00e1lny pre mont\u00e1\u017e do vstavan\u00fdch skr\u00ed\u0148 a \u0161atn\u00edkov\u00fdch syst\u00e9mov.<\/p>\n<hr data-start=\"545\" data-end=\"548\" \/>\n<p data-start=\"550\" data-end=\"573\"><strong data-start=\"550\" data-end=\"573\">K\u013e\u00fa\u010dov\u00e9 vlastnosti:<\/strong><\/p>\n<ul data-start=\"575\" data-end=\"871\">\n<li data-start=\"575\" data-end=\"635\">\n<p data-start=\"577\" data-end=\"635\"><strong data-start=\"577\" data-end=\"590\">Materi\u00e1l:<\/strong> Oce\u013e \u2013 zaru\u010duje vysok\u00fa pevnos\u0165 a stabilitu<\/p>\n<\/li>\n<li data-start=\"636\" data-end=\"708\">\n<p data-start=\"638\" data-end=\"708\"><strong data-start=\"638\" data-end=\"659\">Povrchov\u00e1 \u00faprava:<\/strong> Chr\u00f3m \u2013 odoln\u00fd proti kor\u00f3zii, elegantn\u00fd vzh\u013ead<\/p>\n<\/li>\n<li data-start=\"709\" data-end=\"783\">\n<p data-start=\"711\" data-end=\"783\"><strong data-start=\"711\" data-end=\"722\">Mont\u00e1\u017e:<\/strong> 3 mont\u00e1\u017ene otvory umo\u017e\u0148uj\u00fa pevn\u00e9 uchytenie do boku n\u00e1bytku<\/p>\n<\/li>\n<li data-start=\"784\" data-end=\"871\">\n<p data-start=\"786\" data-end=\"871\"><strong data-start=\"786\" data-end=\"799\">Pou\u017eitie:<\/strong> Umo\u017e\u0148uje bezpe\u010dn\u00e9 ukotvenie ov\u00e1lnej ty\u010de (30 \u00d7 15 mm) z jednej strany<\/p>\n<\/li>\n<\/ul>\n<hr data-start=\"873\" data-end=\"876\" \/>\n<p data-start=\"878\" data-end=\"1063\"><strong data-start=\"878\" data-end=\"899\">Pou\u017eitie v praxi:<\/strong><br data-start=\"899\" data-end=\"902\" \/>Odpor\u00fa\u010da sa pou\u017ei\u0165 v kombin\u00e1cii s \u010deln\u00fdm alebo druh\u00fdm bo\u010dn\u00fdm dr\u017eiakom ov\u00e1lnej ty\u010de.<\/p>\n","protected":false},"excerpt":{"rendered":"<p>Chr\u00f3movan\u00fd bo\u010dn\u00fd dr\u017eiak ov\u00e1lnej ve\u0161iakovej ty\u010de pre vstavan\u00e9 skrine a \u0161atn\u00edky. Vyroben\u00fd z pevnej ocele pre spo\u013eahliv\u00e9 uchytenie ty\u010de na bok korpusu.<\/p>\n","protected":false},"featured_media":1106,"comment_status":"closed","ping_status":"closed","template":"","meta":[],"product_brand":[],"product_cat":[57],"product_tag":[],"class_list":{"0":"post-1071","1":"product","2":"type-product","3":"status-publish","4":"has-post-thumbnail","6":"product_cat-pro-alu","7":"pa_vlastnosti-rozmery-material-pouzitie","9":"first","10":"instock","11":"purchasable","12":"product-type-simple","13":"customify-col"},"_links":{"self":[{"href":"https:\/\/mikramt.sk\/index.php?rest_route=\/wp\/v2\/product\/1071","targetHints":{"allow":["GET"]}}],"collection":[{"href":"https:\/\/mikramt.sk\/index.php?rest_route=\/wp\/v2\/product"}],"about":[{"href":"https:\/\/mikramt.sk\/index.php?rest_route=\/wp\/v2\/types\/product"}],"replies":[{"embeddable":true,"href":"https:\/\/mikramt.sk\/index.php?rest_route=%2Fwp%2Fv2%2Fcomments&post=1071"}],"wp:featuredmedia":[{"embeddable":true,"href":"https:\/\/mikramt.sk\/index.php?rest_route=\/wp\/v2\/media\/1106"}],"wp:attachment":[{"href":"https:\/\/mikramt.sk\/index.php?rest_route=%2Fwp%2Fv2%2Fmedia&parent=1071"}],"wp:term":[{"taxonomy":"product_brand","embeddable":true,"href":"https:\/\/mikramt.sk\/index.php?rest_route=%2Fwp%2Fv2%2Fproduct_brand&post=1071"},{"taxonomy":"product_cat","embeddable":true,"href":"https:\/\/mikramt.sk\/index.php?rest_route=%2Fwp%2Fv2%2Fproduct_cat&post=1071"},{"taxonomy":"product_tag","embeddable":true,"href":"https:\/\/mikramt.sk\/index.php?rest_route=%2Fwp%2Fv2%2Fproduct_tag&post=1071"}],"curies":[{"name":"wp","href":"https:\/\/api.w.org\/{rel}","templated":true}]}}