{"id":1070,"date":"2025-06-26T16:44:36","date_gmt":"2025-06-26T14:44:36","guid":{"rendered":"https:\/\/mikramt.sk\/?post_type=product&#038;p=1070"},"modified":"2025-07-15T12:09:08","modified_gmt":"2025-07-15T10:09:08","slug":"madlo-modena-slim-27m-hlinik","status":"publish","type":"product","link":"https:\/\/mikramt.sk\/?product=madlo-modena-slim-27m-hlinik","title":{"rendered":"Madlo MODENA SLIM 2,7m &#8211; hlinik  PRO ALU (ks)"},"content":{"rendered":"<p data-start=\"338\" data-end=\"694\">Madlo MODENA SLIM je \u0161t\u00edhle a modern\u00e9 rie\u0161enie pre posuvn\u00e9 dvere do vstavan\u00fdch skr\u00ed\u0148 a \u0161atn\u00edkov. Je navrhnut\u00e9 tak, aby poskytovalo pohodln\u00e9 uchopenie a z\u00e1rove\u0148 elegantne dop\u013a\u0148alo dizajn n\u00e1bytkov\u00fdch dver\u00ed. V\u010faka hlin\u00edkovej povrchovej \u00faprave p\u00f4sob\u00ed moderne a z\u00e1rove\u0148 odolne vo\u010di ka\u017edodenn\u00e9mu pou\u017e\u00edvaniu.<\/p>\n<hr data-start=\"696\" data-end=\"699\" \/>\n<p data-start=\"701\" data-end=\"935\"><strong data-start=\"701\" data-end=\"729\">Pou\u017eitie a kompatibilita<\/strong><br data-start=\"729\" data-end=\"732\" \/>Ur\u010den\u00e9 pre v\u00fdplne s hr\u00fabkou 18 mm, madlo disponuje \u0161peci\u00e1lnou dr\u00e1\u017ekou pre \u0161irok\u00fa nas\u00favaciu dorazov\u00fa \u0161tetinu a vymedzovaciu \u0161tetinu. V\u010faka tomu je ide\u00e1lne na zabezpe\u010denie tlmen\u00e9ho dorazu a tesnosti dver\u00ed.<\/p>\n<hr data-start=\"937\" data-end=\"940\" \/>\n<p data-start=\"942\" data-end=\"967\"><strong data-start=\"942\" data-end=\"965\">Vlastnosti a v\u00fdhody<\/strong><\/p>\n<ul data-start=\"968\" data-end=\"1147\">\n<li data-start=\"968\" data-end=\"1009\">\n<p data-start=\"970\" data-end=\"1009\">Mo\u017enos\u0165 vlo\u017eenia 4 mm skla ako v\u00fdplne<\/p>\n<\/li>\n<li data-start=\"1010\" data-end=\"1042\">\n<p data-start=\"1012\" data-end=\"1042\">Odoln\u00e1 hlin\u00edkov\u00e1 kon\u0161trukcia<\/p>\n<\/li>\n<li data-start=\"1043\" data-end=\"1091\">\n<p data-start=\"1045\" data-end=\"1091\">Minimalistick\u00fd dizajn s praktick\u00fdm uchopen\u00edm<\/p>\n<\/li>\n<li data-start=\"1092\" data-end=\"1147\">\n<p data-start=\"1094\" data-end=\"1147\">Ide\u00e1lne pre stol\u00e1rske a interi\u00e9rov\u00e9 projekty na mieru<\/p>\n<\/li>\n<\/ul>\n<hr data-start=\"1149\" data-end=\"1152\" \/>\n<p data-start=\"1154\" data-end=\"1180\"><strong data-start=\"1154\" data-end=\"1178\">Technick\u00e9 parametre:<\/strong><\/p>\n<ul data-start=\"1181\" data-end=\"1302\">\n<li data-start=\"1181\" data-end=\"1199\">\n<p data-start=\"1183\" data-end=\"1199\">D\u013a\u017eka: 2700 mm<\/p>\n<\/li>\n<li data-start=\"1200\" data-end=\"1217\">\n<p data-start=\"1202\" data-end=\"1217\">Farba: Hlin\u00edk<\/p>\n<\/li>\n<li data-start=\"1218\" data-end=\"1242\">\n<p data-start=\"1220\" data-end=\"1242\">Hr\u00fabka v\u00fdplne: 18 mm<\/p>\n<\/li>\n<li data-start=\"1243\" data-end=\"1302\">\n<p data-start=\"1245\" data-end=\"1302\">Kompatibilita: 4 mm sklo, dorazov\u00e9 a vymedzovacie \u0161tetiny<\/p>\n<\/li>\n<\/ul>\n","protected":false},"excerpt":{"rendered":"<p>Elegantn\u00e9 hlin\u00edkov\u00e9 madlo MODENA SLIM pre 18 mm v\u00fdplne posuvn\u00fdch dver\u00ed. Vhodn\u00e9 pre vstavan\u00e9 skrine a \u0161atn\u00edky s dr\u00e1\u017ekami pre dorazov\u00e9 a vymedzovacie \u0161tetiny.<\/p>\n","protected":false},"featured_media":1107,"comment_status":"closed","ping_status":"closed","template":"","meta":[],"product_brand":[],"product_cat":[57],"product_tag":[],"class_list":{"0":"post-1070","1":"product","2":"type-product","3":"status-publish","4":"has-post-thumbnail","6":"product_cat-pro-alu","7":"pa_vlastnosti-rozmery-material-pouzitie","9":"first","10":"instock","11":"purchasable","12":"product-type-simple","13":"customify-col"},"_links":{"self":[{"href":"https:\/\/mikramt.sk\/index.php?rest_route=\/wp\/v2\/product\/1070","targetHints":{"allow":["GET"]}}],"collection":[{"href":"https:\/\/mikramt.sk\/index.php?rest_route=\/wp\/v2\/product"}],"about":[{"href":"https:\/\/mikramt.sk\/index.php?rest_route=\/wp\/v2\/types\/product"}],"replies":[{"embeddable":true,"href":"https:\/\/mikramt.sk\/index.php?rest_route=%2Fwp%2Fv2%2Fcomments&post=1070"}],"wp:featuredmedia":[{"embeddable":true,"href":"https:\/\/mikramt.sk\/index.php?rest_route=\/wp\/v2\/media\/1107"}],"wp:attachment":[{"href":"https:\/\/mikramt.sk\/index.php?rest_route=%2Fwp%2Fv2%2Fmedia&parent=1070"}],"wp:term":[{"taxonomy":"product_brand","embeddable":true,"href":"https:\/\/mikramt.sk\/index.php?rest_route=%2Fwp%2Fv2%2Fproduct_brand&post=1070"},{"taxonomy":"product_cat","embeddable":true,"href":"https:\/\/mikramt.sk\/index.php?rest_route=%2Fwp%2Fv2%2Fproduct_cat&post=1070"},{"taxonomy":"product_tag","embeddable":true,"href":"https:\/\/mikramt.sk\/index.php?rest_route=%2Fwp%2Fv2%2Fproduct_tag&post=1070"}],"curies":[{"name":"wp","href":"https:\/\/api.w.org\/{rel}","templated":true}]}}