{"id":1025,"date":"2025-06-26T16:44:13","date_gmt":"2025-06-26T14:44:13","guid":{"rendered":"https:\/\/mikramt.sk\/?post_type=product&#038;p=1025"},"modified":"2025-07-15T12:39:33","modified_gmt":"2025-07-15T10:39:33","slug":"tip-on-biely-dverovy-priamy-dlhy-956a1004","status":"publish","type":"product","link":"https:\/\/mikramt.sk\/?product=tip-on-biely-dverovy-priamy-dlhy-956a1004","title":{"rendered":"TIP ON dlh\u00fd 956A.1004 &#8211; BIELY (KSx)"},"content":{"rendered":"<p data-start=\"65\" data-end=\"415\">TIP-ON dverov\u00fd otv\u00e1rac\u00ed mechanizmus 956A1004 od zna\u010dky <strong data-start=\"120\" data-end=\"128\">BLUM<\/strong> pon\u00faka elegantn\u00e9 rie\u0161enie pre bez\u00fachytkov\u00e9 otv\u00e1ranie dvierok. Mechanizmus umo\u017e\u0148uje otv\u00e1ranie kr\u00e1tkym zatla\u010den\u00edm na \u010deln\u00fa plochu a jednoduch\u00e9 zatvorenie \u013eahk\u00fdm zatla\u010den\u00edm sp\u00e4\u0165. V\u010faka svojej dlhej verzii s vys\u00favacou dr\u00e1hou cca 38 mm je ide\u00e1lny aj pre v\u00e4\u010d\u0161ie dvierka s rovnomern\u00fdm dotykom.<\/p>\n<p data-start=\"65\" data-end=\"415\">Vhodn\u00e9 pou\u017ei\u0165 so z\u00e1vesom 70T3550.TL pre dosiahnutie plnej funkcie TIP-ON syst\u00e9mu. Odpor\u00fa\u010dame pou\u017e\u00edva\u0165 ako sadu.<\/p>\n<hr data-start=\"417\" data-end=\"420\" \/>\n<p data-start=\"422\" data-end=\"445\"><strong data-start=\"422\" data-end=\"445\">K\u013e\u00fa\u010dov\u00e9 vlastnosti:<\/strong><\/p>\n<ul data-start=\"447\" data-end=\"778\">\n<li data-start=\"447\" data-end=\"507\">\n<p data-start=\"449\" data-end=\"507\"><strong data-start=\"449\" data-end=\"457\">Typ:<\/strong> TIP-ON \u2013 mechanick\u00fd otv\u00e1rac\u00ed syst\u00e9m pre dvierka<\/p>\n<\/li>\n<li data-start=\"508\" data-end=\"578\">\n<p data-start=\"510\" data-end=\"578\"><strong data-start=\"510\" data-end=\"521\">Mont\u00e1\u017e:<\/strong> Na zav\u0155tanie (v\u0155tanie 10 mm) alebo s pou\u017eit\u00edm adapt\u00e9ra<\/p>\n<\/li>\n<li data-start=\"579\" data-end=\"599\">\n<p data-start=\"581\" data-end=\"599\"><strong data-start=\"581\" data-end=\"591\">Farba:<\/strong> Biela<\/p>\n<\/li>\n<li data-start=\"600\" data-end=\"642\">\n<p data-start=\"602\" data-end=\"642\"><strong data-start=\"602\" data-end=\"615\">Materi\u00e1l:<\/strong> Nylon + kovov\u00e1 platni\u010dka<\/p>\n<\/li>\n<li data-start=\"643\" data-end=\"677\">\n<p data-start=\"645\" data-end=\"677\"><strong data-start=\"645\" data-end=\"665\">Vys\u00favacia dr\u00e1ha:<\/strong> cca 38 mm<\/p>\n<\/li>\n<li data-start=\"678\" data-end=\"725\">\n<p data-start=\"680\" data-end=\"725\"><strong data-start=\"680\" data-end=\"695\">Nastavenie:<\/strong> \u00b1 4 mm pre presn\u00e9 doladenie<\/p>\n<\/li>\n<li data-start=\"726\" data-end=\"747\">\n<p data-start=\"728\" data-end=\"747\"><strong data-start=\"728\" data-end=\"740\">V\u00fdrobca:<\/strong> BLUM<\/p>\n<\/li>\n<\/ul>\n<hr data-start=\"780\" data-end=\"783\" \/>\n<p data-start=\"785\" data-end=\"803\"><strong data-start=\"785\" data-end=\"803\">Obsah balenia:<\/strong><\/p>\n<ul data-start=\"805\" data-end=\"859\">\n<li data-start=\"805\" data-end=\"827\">\n<p data-start=\"807\" data-end=\"827\">TIP-ON mechanizmus<\/p>\n<\/li>\n<li data-start=\"828\" data-end=\"848\">\n<p data-start=\"830\" data-end=\"848\">Kovov\u00e1 platni\u010dka<\/p>\n<\/li>\n<li data-start=\"849\" data-end=\"859\">\n<p data-start=\"851\" data-end=\"859\">Magnet<\/p>\n<\/li>\n<\/ul>\n<p>Dostupn\u00fd aj v balen\u00ed po 50 ks.<\/p>\n","protected":false},"excerpt":{"rendered":"<p>TIP-ON mechanizmus BLUM 956A1004 pre jednoduch\u00e9 bez\u00fachytkov\u00e9 otv\u00e1ranie dvierok. Vhodn\u00fd na zav\u0155tanie alebo s adapt\u00e9rom, s presn\u00fdm nastaven\u00edm a vysokou spo\u013eahlivos\u0165ou.<\/p>\n<p>Vhodn\u00e9 pou\u017ei\u0165 so z\u00e1vesom 70T3550.TL pre dosiahnutie plnej funkcie TIP-ON syst\u00e9mu. Odpor\u00fa\u010dame pou\u017e\u00edva\u0165 ako sadu.<\/p>\n","protected":false},"featured_media":1075,"comment_status":"closed","ping_status":"closed","template":"","meta":[],"product_brand":[],"product_cat":[40],"product_tag":[],"class_list":{"0":"post-1025","1":"product","2":"type-product","3":"status-publish","4":"has-post-thumbnail","6":"product_cat-tip-on","7":"pa_vlastnosti-rozmery-material-pouzitie","9":"first","10":"instock","11":"purchasable","12":"product-type-simple","13":"customify-col"},"_links":{"self":[{"href":"https:\/\/mikramt.sk\/index.php?rest_route=\/wp\/v2\/product\/1025","targetHints":{"allow":["GET"]}}],"collection":[{"href":"https:\/\/mikramt.sk\/index.php?rest_route=\/wp\/v2\/product"}],"about":[{"href":"https:\/\/mikramt.sk\/index.php?rest_route=\/wp\/v2\/types\/product"}],"replies":[{"embeddable":true,"href":"https:\/\/mikramt.sk\/index.php?rest_route=%2Fwp%2Fv2%2Fcomments&post=1025"}],"wp:featuredmedia":[{"embeddable":true,"href":"https:\/\/mikramt.sk\/index.php?rest_route=\/wp\/v2\/media\/1075"}],"wp:attachment":[{"href":"https:\/\/mikramt.sk\/index.php?rest_route=%2Fwp%2Fv2%2Fmedia&parent=1025"}],"wp:term":[{"taxonomy":"product_brand","embeddable":true,"href":"https:\/\/mikramt.sk\/index.php?rest_route=%2Fwp%2Fv2%2Fproduct_brand&post=1025"},{"taxonomy":"product_cat","embeddable":true,"href":"https:\/\/mikramt.sk\/index.php?rest_route=%2Fwp%2Fv2%2Fproduct_cat&post=1025"},{"taxonomy":"product_tag","embeddable":true,"href":"https:\/\/mikramt.sk\/index.php?rest_route=%2Fwp%2Fv2%2Fproduct_tag&post=1025"}],"curies":[{"name":"wp","href":"https:\/\/api.w.org\/{rel}","templated":true}]}}