{"id":1008,"date":"2025-06-26T16:44:12","date_gmt":"2025-06-26T14:44:12","guid":{"rendered":"https:\/\/mikramt.sk\/?post_type=product&#038;p=1008"},"modified":"2025-07-15T12:52:17","modified_gmt":"2025-07-15T10:52:17","slug":"kmh-skrutka-4x30-pz-so-zapustenou-hlavou-500-ks","status":"publish","type":"product","link":"https:\/\/mikramt.sk\/?product=kmh-skrutka-4x30-pz-so-zapustenou-hlavou-500-ks","title":{"rendered":"KMH Skrutka 4&#215;30 Pz zap hlava  500KS (BAL)"},"content":{"rendered":"<p data-start=\"72\" data-end=\"332\">Kvalitn\u00e9 kon\u0161truk\u010dn\u00e9 skrutky KMH 4\u00d730 mm so zapustenou hlavou typu Pozidriv (PZ) s\u00fa ide\u00e1lne pre pevn\u00e9 sp\u00e1janie dreven\u00fdch materi\u00e1lov. V\u010faka svojmu dizajnu zabezpe\u010duj\u00fa \u010dist\u00fd a hladk\u00fd povrch bez vy\u010dnievaj\u00facich hl\u00e1v a s\u00fa ur\u010den\u00e9 na profesion\u00e1lne aj dom\u00e1ce pou\u017eitie.<\/p>\n<hr data-start=\"334\" data-end=\"337\" \/>\n<p data-start=\"339\" data-end=\"362\"><strong data-start=\"339\" data-end=\"362\">K\u013e\u00fa\u010dov\u00e9 vlastnosti:<\/strong><\/p>\n<ul data-start=\"364\" data-end=\"610\">\n<li data-start=\"364\" data-end=\"390\">\n<p data-start=\"366\" data-end=\"390\"><strong data-start=\"366\" data-end=\"378\">Rozmery:<\/strong> 4 \u00d7 30 mm<\/p>\n<\/li>\n<li data-start=\"391\" data-end=\"435\">\n<p data-start=\"393\" data-end=\"435\"><strong data-start=\"393\" data-end=\"407\">Typ hlavy:<\/strong> Zapusten\u00e1 (Pozidriv \u2013 PZ)<\/p>\n<\/li>\n<li data-start=\"436\" data-end=\"467\">\n<p data-start=\"438\" data-end=\"467\"><strong data-start=\"438\" data-end=\"451\">Materi\u00e1l:<\/strong> Kvalitn\u00e1 oce\u013e<\/p>\n<\/li>\n<li data-start=\"468\" data-end=\"505\">\n<p data-start=\"470\" data-end=\"505\"><strong data-start=\"470\" data-end=\"491\">Povrchov\u00e1 \u00faprava:<\/strong> Antikor\u00f3zna<\/p>\n<\/li>\n<li data-start=\"506\" data-end=\"529\">\n<p data-start=\"508\" data-end=\"529\"><strong data-start=\"508\" data-end=\"520\">Balenie:<\/strong> 500 ks<\/p>\n<\/li>\n<li data-start=\"530\" data-end=\"589\">\n<p data-start=\"532\" data-end=\"589\"><strong data-start=\"532\" data-end=\"545\">Pou\u017eitie:<\/strong> Drevo, lepen\u00e9 drevo, preglejka, OSB doska<\/p>\n<\/li>\n<li data-start=\"590\" data-end=\"610\">\n<p data-start=\"592\" data-end=\"610\"><strong data-start=\"592\" data-end=\"604\">V\u00fdrobca:<\/strong> KMH<\/p>\n<\/li>\n<\/ul>\n<hr data-start=\"612\" data-end=\"615\" \/>\n<p data-start=\"617\" data-end=\"628\"><strong data-start=\"617\" data-end=\"628\">V\u00fdhody:<\/strong><\/p>\n<ul data-start=\"630\" data-end=\"830\">\n<li data-start=\"630\" data-end=\"693\">\n<p data-start=\"632\" data-end=\"693\">Hladk\u00e9 zapustenie hlavy do materi\u00e1lu bez po\u0161kodenia povrchu<\/p>\n<\/li>\n<li data-start=\"694\" data-end=\"744\">\n<p data-start=\"696\" data-end=\"744\">Stabiln\u00e9 a presn\u00e9 skrutkovanie v\u010faka PZ dr\u00e1\u017eke<\/p>\n<\/li>\n<li data-start=\"745\" data-end=\"788\">\n<p data-start=\"747\" data-end=\"788\">Vysok\u00e1 odolnos\u0165 vo\u010di vlhkosti a kor\u00f3zii<\/p>\n<\/li>\n<li data-start=\"789\" data-end=\"830\">\n<p data-start=\"791\" data-end=\"830\">Spo\u013eahlivos\u0165 pre trval\u00e9 a pevn\u00e9 spoje<\/p>\n<\/li>\n<\/ul>\n","protected":false},"excerpt":{"rendered":"<p>KMH skrutky 4\u00d730 mm PZ so zapustenou hlavou poskytuj\u00fa pevn\u00e9 a odoln\u00e9 spojenie pre v\u0161etky typy dreva. Ide\u00e1lne pre profesion\u00e1lov aj dom\u00e1cich majstrov. Balenie obsahuje 500 kusov.<\/p>\n","protected":false},"featured_media":1308,"comment_status":"closed","ping_status":"closed","template":"","meta":[],"product_brand":[],"product_cat":[59],"product_tag":[],"class_list":{"0":"post-1008","1":"product","2":"type-product","3":"status-publish","4":"has-post-thumbnail","6":"product_cat-kmh-skrutky","7":"pa_vlastnosti-rozmery-material-pouzitie","9":"first","10":"instock","11":"purchasable","12":"product-type-simple","13":"customify-col"},"_links":{"self":[{"href":"https:\/\/mikramt.sk\/index.php?rest_route=\/wp\/v2\/product\/1008","targetHints":{"allow":["GET"]}}],"collection":[{"href":"https:\/\/mikramt.sk\/index.php?rest_route=\/wp\/v2\/product"}],"about":[{"href":"https:\/\/mikramt.sk\/index.php?rest_route=\/wp\/v2\/types\/product"}],"replies":[{"embeddable":true,"href":"https:\/\/mikramt.sk\/index.php?rest_route=%2Fwp%2Fv2%2Fcomments&post=1008"}],"wp:featuredmedia":[{"embeddable":true,"href":"https:\/\/mikramt.sk\/index.php?rest_route=\/wp\/v2\/media\/1308"}],"wp:attachment":[{"href":"https:\/\/mikramt.sk\/index.php?rest_route=%2Fwp%2Fv2%2Fmedia&parent=1008"}],"wp:term":[{"taxonomy":"product_brand","embeddable":true,"href":"https:\/\/mikramt.sk\/index.php?rest_route=%2Fwp%2Fv2%2Fproduct_brand&post=1008"},{"taxonomy":"product_cat","embeddable":true,"href":"https:\/\/mikramt.sk\/index.php?rest_route=%2Fwp%2Fv2%2Fproduct_cat&post=1008"},{"taxonomy":"product_tag","embeddable":true,"href":"https:\/\/mikramt.sk\/index.php?rest_route=%2Fwp%2Fv2%2Fproduct_tag&post=1008"}],"curies":[{"name":"wp","href":"https:\/\/api.w.org\/{rel}","templated":true}]}}